 27. Calculate the greatest common divisor of 12 and m.
6
Suppose 2*m - 172 = -2*w, -56 = 2*w - 3*w + 5*m. What is the greatest common factor of w and 9?
9
Let i = 51 + -96. Let w(n) = -4*n - 5. Let s be w(4). Let l = s - i. Calculate the highest common factor of l and 3.
3
Let t(i) = i**2 + 7*i + 9. Let c be t(-6). Suppose c*m + 5*k = 94 + 124, -4*m + 2*k + 256 = 0. Calculate the highest common factor of 6 and m.
6
Let s = 49 - 19. Calculate the greatest common divisor of 12 and s.
6
Let c(t) = t**2 - 4*t - 9. Suppose -4*i + 28 = 3*z, -11 = -z - i - 2*i. Let y be c(z). Calculate the highest common divisor of y and 253.
23
Suppose i + 3*f - 67 = 0, 282 = 4*i + 2*f + 3*f. Let n = i - 52. What is the greatest common divisor of 14 and n?
7
Let t be (12/15)/(6/105). What is the highest common divisor of 7 and t?
7
Suppose 0 = 32*q - 29*q - 192. Suppose 0*x + 8 = x. What is the greatest common divisor of x and q?
8
Suppose 0 = -s - 3*s + 316. Suppose 5*g = -0*q - 3*q + 98, -4*g - 3*q + s = 0. Calculate the greatest common divisor of g and 76.
19
Let k(r) = -62*r. Let b be k(1). Let y = b - -116. What is the highest common divisor of y and 81?
27
Suppose -5*o + 17 = 2. What is the greatest common factor of 12 and o?
3
Let n = -12 - -20. Let g = -45 + 69. What is the highest common factor of n and g?
8
Let y = 6 + -4. Suppose 3*g - 55 = y*g. Let r(l) = l**3 - 17*l**2 + 17*l + 6. Let n be r(16). What is the highest common divisor of n and g?
11
Suppose 30 = 2*k + 6. Calculate the highest common divisor of 84 and k.
12
Suppose 4*z - 13 = 23. Calculate the highest common divisor of 45 and z.
9
Let c(p) = -p. Let r be c(0). Let z(g) = g**2 - g + 11. Let o be z(r). Let u = 327 - 228. What is the greatest common divisor of o and u?
11
Let s be 6 - 8 - (0 + -34). Suppose -3*o + 2*r - r = -12, 5*r = 0. What is the greatest common factor of o and s?
4
Suppose 14*q - 15 = 11*q. What is the highest common factor of q and 2?
1
Suppose -2*v = -4*a + 20, -2*a - v = -0 - 2. Suppose 5*g - 142 = 2*c - 30, -a*g + 68 = -2*c. Let t = 3 - -8. What is the highest common factor of t and g?
11
Suppose -3*q + 58 = -35. Calculate the highest common divisor of q and 341.
31
Suppose 2*b + 0*b + 4*w = 28, 5*w - 20 = 0. Calculate the highest common divisor of b and 4.
2
Let k(y) = -y - 1. Let a be k(-4). Let n be ((-2)/(-3))/((-8)/(-252)). Suppose -n + 93 = a*d. What is the highest common factor of 8 and d?
8
Suppose 35 = -3*m + 116. What is the greatest common factor of m and 36?
9
Let o(w) = -82*w**3 - 2*w - 1. Let c be o(-1). Let h = -141 + 84. Let a = c + h. What is the highest common factor of 130 and a?
26
Let b be (-4)/3*(0 - -3). Let k be (b/2)/(-2)*4. Calculate the greatest common factor of 28 and k.
4
Suppose -2*q - 3*q - 36 = 4*s, -s - 2*q = 9. Let n be 5 + s/(-3) + -5. What is the highest common factor of n and 27?
3
Suppose 2*k + 34 = 4*k. Let f be 101 + (-1 - 0/1). Let a = -15 + f. What is the highest common factor of k and a?
17
Suppose -3*k = -2*h + 20, 4*h - 89 = -3*k - 31. Let a = -68 + 120. Calculate the greatest common divisor of h and a.
13
Suppose -8 = -n + 2*y, -2*y = 4*n + n - 16. Calculate the greatest common factor of 32 and n.
4
Suppose -43 = -2*s + 17. Calculate the greatest common factor of s and 45.
15
Let x = -9 - -17. Let r be 206/10 + x/20. Calculate the greatest common divisor of 7 and r.
7
Let v(d) = -d**3 - 9*d**2 - 11*d + 5. Let s be v(-9). What is the greatest common factor of s and 13?
13
Let f be 3386/14 - 18/(-126). Calculate the highest common divisor of f and 22.
22
Let x = 69 - 47. Let h(b) = 3*b**3 - 4*b**2 + 4*b - 2. Let s be h(3). Calculate the greatest common divisor of x and s.
11
Suppose 0*c + c - 12 = 0. Suppose -2*q - q + c = 0. What is the greatest common divisor of q and 44?
4
Suppose 0 = -2*f + q + 3, 0*q + 4 = 4*q. Suppose 0 = a + 2, -a - f = -3*t - 3*a. What is the greatest common divisor of t and 18?
2
Let c = -9 + 16. Let l = -4 + c. Let z = -32 + 33. Calculate the highest common divisor of z and l.
1
Suppose 0 = -0*i + 3*i. Suppose i*d + 264 = 2*d. Calculate the greatest common divisor of d and 22.
22
Let s(x) = x**2 - 6*x. Let j be s(-9). Calculate the highest common factor of 15 and j.
15
Let h(y) = -2*y - 16. Let m be h(-20). Suppose 2*k = -0*k + 32. Calculate the greatest common factor of k and m.
8
Suppose 0*s - 160 = -4*s. Let n be 5 - (2 - 2)/2. Suppose 0 = -4*w + 4*m + 56, -4*w - n*m - 24 + 98 = 0. Calculate the highest common divisor of w and s.
8
Let u(b) = 2*b**3 + 9*b**2 - 8. Let j be u(-6). Let w = 172 + j. Suppose 0*l = 4*l - w. What is the greatest common factor of l and 14?
14
Let p(o) = 2*o**3 - 3*o**2 - 4*o + 3. Let u be p(3). Let f be 646/4 + (-3)/(-6). What is the highest common factor of f and u?
18
Let y be 40/(-6)*45/(-6). Let s = 24 - 8. Let w = y - s. What is the highest common factor of w and 17?
17
Let c(p) = p - 7. Let k be c(9). Suppose 4*z = k*a + 20 - 0, -4*z + a + 18 = 0. Let f be 26 - (0 - z)/(-2). What is the highest common factor of 60 and f?
12
Let w be (1 + (-16)/2)*3. Let q be (-636)/w - (-4)/(-14). Let m = q + 24. What is the highest common divisor of m and 6?
6
Let u be (-6)/9*(-5 + -1). Calculate the highest common factor of u and 1.
1
Let w(a) = -21*a**2 - 2*a - 1. Let q be w(-1). Let c be q/15*(-25 + 1). What is the greatest common factor of c and 8?
8
Let m = -1 - -6. Suppose -m*i + 386 - 81 = 0. Let x = -31 + i. What is the greatest common factor of 15 and x?
15
Let b = -167 - -177. Calculate the greatest common divisor of b and 180.
10
Let q be ((-6)/(-4))/((-3)/(-16)). Let z(n) = -n**3 - 7*n**2 + 8. Let s be z(-7). Calculate the greatest common factor of s and q.
8
Let w(v) = v**2 + 10*v + 10. Let p be w(-8). Let f(c) = -c**2 - 7*c + 1. Let i be f(p). What is the greatest common factor of 56 and i?
7
Suppose 0 = -0*l - 4*l + 72. Let h be (-6)/(-27) - (-79)/9. Let j be (-1)/(-3) - (-15)/h. Calculate the highest common factor of j and l.
2
Suppose 0 = 4*a - 0*a - 8. Let j(o) = o + 1. Let y be j(a). Let w be (-2 - 1)/(y/(-28)). Calculate the greatest common factor of w and 42.
14
Let s be (2/3)/(-3 - 1876/(-624)). Calculate the highest common divisor of 13 and s.
13
Suppose -4*f + 3 - 83 = 0. Let o be 2/(-4) - 90/f. What is the highest common divisor of 28 and o?
4
Let f = 14 - 10. Suppose a = f*a - 9. Suppose -8*l = -3*l + a*k - 57, l - 13 = -k. Calculate the highest common factor of l and 81.
9
Suppose -34 = -5*w + 461. What is the highest common factor of 9 and w?
9
Let t be (1/(1/(-1)))/(-1). Suppose 3*m + 5*x - 21 = 0, -10 = -m - x - t. Suppose 0 = -3*f + 9*f - 504. What is the highest common factor of m and f?
12
Let g be (-2 + (-297)/(-6))/((-2)/(-4)). What is the highest common factor of g and 38?
19
Let z be ((-5)/5 - -16) + -3. What is the highest common factor of z and 108?
12
Let l = -1 - 51. Let g be 8/l - (-119)/13. Let r be 27 + -1 - (-2)/2. What is the highest common factor of g and r?
9
Let i = -1 + 1. Suppose f - 3*m + i*m = 246, 2*f = -3*m + 474. Suppose 8*w = 3*w + f. What is the highest common factor of 6 and w?
6
Let i(s) = -s**3 + 12*s**2 + 30*s - 21. Let m be i(14). Calculate the highest common divisor of 1 and m.
1
Let i(h) = h**3 - 6*h**2 - h - 3. Let p = 13 - 6. Let q be i(p). Let j = 17 + -4. What is the highest common factor of q and j?
13
Let j(c) = c**2 - c. Let o be j(2). Suppose 3*g - 88 = -g. Calculate the highest common divisor of g and o.
2
Let a(d) = 5*d**2 + 2*d + 1. Let n(b) = 6*b**2 + b + 2. Let k(t) = 7*a(t) - 6*n(t). Let r be k(7). Calculate the highest common divisor of 1 and r.
1
Suppose 2*c + 20 = -2*d, 5*d = 3*c + 38 + 8. Let m = 21 + c. What is the highest common factor of 99 and m?
9
Let w = -142 + 167. Calculate the highest common factor of 25 and w.
25
Let y be (-6)/(-1)*1/2. Suppose -4*x = -y*x - 2. Suppose 5*c + 7*f - 45 = x*f, 3*c - 4*f = -8. Calculate the highest common divisor of c and 1.
1
Let k(o) = 2*o**2 + 4*o + 5. Let p = 2 + -7. Let w be k(p). What is the greatest common factor of w and 7?
7
Suppose -2 - 10 = -3*g. Suppose -3*x + 7*x = g. Suppose -f + x = -11. Calculate the greatest common factor of f and 48.
12
Let f(g) = 2 - 4*g**2 + 5*g**2 + 2*g - 3*g**2 + 3*g**2. Let k be f(4). What is the greatest common div